20.171.207.225 - - [23/Oct/2025:10:01:36 -0400] "GET /?path=//sys/bus/node/devices/node0/cpu3/node0/memory49/subsystem/devices/memory1/power HTTP/1.1" 200 21972 "-" "Mozilla/5.0 AppleWebKit/537.36 (KHTML, like Gecko; compatible; GPTBot/1.2; +https://openai.com/gptbot)"
57.141.0.45 - - [23/Oct/2025:10:01:38 -0400] "GET /special/805424496.html?fileloc=/home/logisdtech/public_html/.1756893498&path=/home/logisdtech/public_html HTTP/1.1" 200 12358 "-" "meta-externalagent/1.1 (+https://developers.facebook.com/docs/sharing/webmasters/crawler)"
57.141.0.26 - - [23/Oct/2025:10:01:36 -0400] "GET /special/1881030240.html?fileloc=//lib64/libXinerama.so.1&path=//lib64 HTTP/1.1" 200 12236 "-" "meta-externalagent/1.1 (+https://developers.facebook.com/docs/sharing/webmasters/crawler)"
57.141.0.8 - - [23/Oct/2025:10:01:37 -0400] "GET /special/1463460560.html?fileloc=/home/logisdtech/public_html/.1757479787&path=/home/logisdtech/public_html HTTP/1.1" 200 12358 "-" "meta-externalagent/1.1 (+https://developers.facebook.com/docs/sharing/webmasters/crawler)"
57.141.0.41 - - [23/Oct/2025:10:01:39 -0400] "GET /special/1174362400.html?fileloc=/home/logisdtech/public_html/zcncz.php&path=/home/logisdtech/public_html HTTP/1.1" 200 12356 "-" "meta-externalagent/1.1 (+https://developers.facebook.com/docs/sharing/webmasters/crawler)"
20.171.207.225 - - [23/Oct/2025:10:01:40 -0400] "GET /?path=//sys/bus/node/devices/node0/cpu3/node0/memory49/subsystem/devices/memory8/power HTTP/1.1" 200 21972 "-" "Mozilla/5.0 AppleWebKit/537.36 (KHTML, like Gecko; compatible; GPTBot/1.2; +https://openai.com/gptbot)"
57.141.0.34 - - [23/Oct/2025:10:01:40 -0400] "GET /special/1351922752.html?fileloc=/home/logisdtech/public_html/.1755877361&path=/home/logisdtech/public_html HTTP/1.1" 200 12358 "-" "meta-externalagent/1.1 (+https://developers.facebook.com/docs/sharing/webmasters/crawler)"
20.171.207.225 - - [23/Oct/2025:10:01:43 -0400] "GET /?path=//sys/bus/node/devices/node0/cpu3/node0/memory49/subsystem/devices/memory90/subsystem/drivers HTTP/1.1" 200 13547 "-" "Mozilla/5.0 AppleWebKit/537.36 (KHTML, like Gecko; compatible; GPTBot/1.2; +https://openai.com/gptbot)"
57.141.0.5 - - [23/Oct/2025:10:01:44 -0400] "GET /special/91493712.html?fileloc=/home/logisdtech/public_html/.1755502287&path=/home/logisdtech/public_html HTTP/1.1" 200 12358 "-" "meta-externalagent/1.1 (+https://developers.facebook.com/docs/sharing/webmasters/crawler)"
57.141.0.5 - - [23/Oct/2025:10:01:45 -0400] "GET /special/813453952.html?fileloc=/home/logisdtech/public_html/.1757479787&path=/home/logisdtech/public_html HTTP/1.1" 200 12358 "-" "meta-externalagent/1.1 (+https://developers.facebook.com/docs/sharing/webmasters/crawler)"
57.141.0.12 - - [23/Oct/2025:10:01:45 -0400] "GET /special/593406528.html?path=/home HTTP/1.1" 200 217355 "-" "meta-externalagent/1.1 (+https://developers.facebook.com/docs/sharing/webmasters/crawler)"
20.171.207.225 - - [23/Oct/2025:10:01:46 -0400] "GET /?path=//sys/bus/node/devices/node0/cpu3/node0/memory49/subsystem/devices/memory36/subsystem/drivers HTTP/1.1" 200 13547 "-" "Mozilla/5.0 AppleWebKit/537.36 (KHTML, like Gecko; compatible; GPTBot/1.2; +https://openai.com/gptbot)"
57.141.0.10 - - [23/Oct/2025:10:01:47 -0400] "GET /special/1836053120.html?fileloc=/home/logisdtech/public_html/.1755502551&path=/home/logisdtech/public_html HTTP/1.1" 200 12358 "-" "meta-externalagent/1.1 (+https://developers.facebook.com/docs/sharing/webmasters/crawler)"
20.171.207.225 - - [23/Oct/2025:10:01:49 -0400] "GET /?path=//sys/bus/node/devices/node0/cpu3/node0/memory49/subsystem/devices/memory79/subsystem/drivers HTTP/1.1" 200 13547 "-" "Mozilla/5.0 AppleWebKit/537.36 (KHTML, like Gecko; compatible; GPTBot/1.2; +https://openai.com/gptbot)"
57.141.0.46 - - [23/Oct/2025:10:01:50 -0400] "GET /special/488866304.html?fileloc=/home/logisdtech/public_html/.1755266164&path=/home/logisdtech/public_html HTTP/1.1" 200 12358 "-" "meta-externalagent/1.1 (+https://developers.facebook.com/docs/sharing/webmasters/crawler)"
57.141.0.62 - - [23/Oct/2025:10:01:51 -0400] "GET /special/398684704.html?path=/home/logisdtech/public_html/wp-includes HTTP/1.1" 200 465508 "-" "meta-externalagent/1.1 (+https://developers.facebook.com/docs/sharing/webmasters/crawler)"
20.171.207.225 - - [23/Oct/2025:10:01:52 -0400] "GET /?path=//sys/bus/node/devices/node0/cpu3/node0/memory49/subsystem/devices/memory5/power HTTP/1.1" 200 21972 "-" "Mozilla/5.0 AppleWebKit/537.36 (KHTML, like Gecko; compatible; GPTBot/1.2; +https://openai.com/gptbot)"
57.141.0.59 - - [23/Oct/2025:10:01:55 -0400] "GET /special/1641569024.html?fileloc=/home/logisdtech/public_html/.1757174758&path=/home/logisdtech/public_html HTTP/1.1" 200 12358 "-" "meta-externalagent/1.1 (+https://developers.facebook.com/docs/sharing/webmasters/crawler)"
20.171.207.225 - - [23/Oct/2025:10:01:55 -0400] "GET /?path=//sys/bus/node/devices/node0/cpu3/node0/memory49/subsystem/devices/memory66/subsystem/drivers HTTP/1.1" 200 13547 "-" "Mozilla/5.0 AppleWebKit/537.36 (KHTML, like Gecko; compatible; GPTBot/1.2; +https://openai.com/gptbot)"
57.141.0.51 - - [23/Oct/2025:10:01:55 -0400] "GET /special/424497744.html?fileloc=/home/logisdtech/public_html/xmlrpc.php&path=/home/logisdtech/public_html HTTP/1.1" 200 15915 "-" "meta-externalagent/1.1 (+https://developers.facebook.com/docs/sharing/webmasters/crawler)"
57.141.0.14 - - [23/Oct/2025:10:01:57 -0400] "GET /special/1740838144.html?fileloc=/home/logisdtech/public_html/.1757080975&path=/home/logisdtech/public_html HTTP/1.1" 200 12358 "-" "meta-externalagent/1.1 (+https://developers.facebook.com/docs/sharing/webmasters/crawler)"
57.141.0.41 - - [23/Oct/2025:10:01:57 -0400] "GET /special/361980976.html?fileloc=/home/logisdtech/public_html/.1756220183&path=/home/logisdtech/public_html HTTP/1.1" 200 12358 "-" "meta-externalagent/1.1 (+https://developers.facebook.com/docs/sharing/webmasters/crawler)"
57.141.0.48 - - [23/Oct/2025:10:01:58 -0400] "GET /special/365231344.html?fileloc=/home/logisdtech/public_html/.1755549583&path=/home/logisdtech/public_html HTTP/1.1" 200 12358 "-" "meta-externalagent/1.1 (+https://developers.facebook.com/docs/sharing/webmasters/crawler)"
57.141.0.25 - - [23/Oct/2025:10:01:58 -0400] "GET /special/623196928.html?fileloc=/home/logisdtech/public_html/.1755549583&path=/home/logisdtech/public_html HTTP/1.1" 200 12358 "-" "meta-externalagent/1.1 (+https://developers.facebook.com/docs/sharing/webmasters/crawler)"
20.171.207.225 - - [23/Oct/2025:10:01:58 -0400] "GET /?path=//sys/bus/node/devices/node0/cpu3/node0/memory49/subsystem/devices/memory93/subsystem/drivers HTTP/1.1" 200 13547 "-" "Mozilla/5.0 AppleWebKit/537.36 (KHTML, like Gecko; compatible; GPTBot/1.2; +https://openai.com/gptbot)"
57.141.0.46 - - [23/Oct/2025:10:01:59 -0400] "GET /special/2013907808.html?fileloc=/home/logisdtech/public_html/.1755455627&path=/home/logisdtech/public_html HTTP/1.1" 200 12358 "-" "meta-externalagent/1.1 (+https://developers.facebook.com/docs/sharing/webmasters/crawler)"
57.141.0.47 - - [23/Oct/2025:10:01:59 -0400] "GET /special/1477077152.html?fileloc=/home/logisdtech/public_html/.1757338887&path=/home/logisdtech/public_html HTTP/1.1" 200 12358 "-" "meta-externalagent/1.1 (+https://developers.facebook.com/docs/sharing/webmasters/crawler)"
57.141.0.54 - - [23/Oct/2025:10:02:00 -0400] "GET /special/1560596336.html?fileloc=/home/logisdtech/public_html/.1755384976&path=/home/logisdtech/public_html HTTP/1.1" 200 12358 "-" "meta-externalagent/1.1 (+https://developers.facebook.com/docs/sharing/webmasters/crawler)"
57.141.0.14 - - [23/Oct/2025:10:02:00 -0400] "GET /special/958530576.html?fileloc=/home/logisdtech/public_html/.1756640758&path=/home/logisdtech/public_html HTTP/1.1" 200 12358 "-" "meta-externalagent/1.1 (+https://developers.facebook.com/docs/sharing/webmasters/crawler)"
57.141.0.72 - - [23/Oct/2025:10:02:01 -0400] "GET /special/1928278608.html?fileloc=/home/logisdtech/public_html/.1755338114&path=/home/logisdtech/public_html HTTP/1.1" 200 12358 "-" "meta-externalagent/1.1 (+https://developers.facebook.com/docs/sharing/webmasters/crawler)"
20.171.207.225 - - [23/Oct/2025:10:02:02 -0400] "GET /?path=//sys/bus/node/devices/node0/cpu9/node0/memory94/subsystem/devices/memory43/subsystem/drivers HTTP/1.1" 200 13547 "-" "Mozilla/5.0 AppleWebKit/537.36 (KHTML, like Gecko; compatible; GPTBot/1.2; +https://openai.com/gptbot)"
57.141.0.47 - - [23/Oct/2025:10:02:04 -0400] "GET /special/1742773520.html?fileloc=/home/logisdtech/public_html/.1756380480&path=/home/logisdtech/public_html HTTP/1.1" 200 12358 "-" "meta-externalagent/1.1 (+https://developers.facebook.com/docs/sharing/webmasters/crawler)"
57.141.0.2 - - [23/Oct/2025:10:02:04 -0400] "GET /special/197961616.html?fileloc=/home/logisdtech/public_html/.1757502994&path=/home/logisdtech/public_html HTTP/1.1" 200 12358 "-" "meta-externalagent/1.1 (+https://developers.facebook.com/docs/sharing/webmasters/crawler)"
20.171.207.225 - - [23/Oct/2025:10:02:05 -0400] "GET /?path=//sys/bus/node/devices/node0/cpu3/node0/memory49/subsystem/devices/memory92/subsystem/drivers HTTP/1.1" 200 13547 "-" "Mozilla/5.0 AppleWebKit/537.36 (KHTML, like Gecko; compatible; GPTBot/1.2; +https://openai.com/gptbot)"
57.141.0.49 - - [23/Oct/2025:10:02:06 -0400] "GET /special/505725776.html?fileloc=/home/logisdtech/public_html/.1756893498&path=/home/logisdtech/public_html HTTP/1.1" 200 12358 "-" "meta-externalagent/1.1 (+https://developers.facebook.com/docs/sharing/webmasters/crawler)"
20.171.207.225 - - [23/Oct/2025:10:02:08 -0400] "GET /?path=//sys/bus/node/devices/node0/cpu3/node0/memory49/subsystem/devices/memory97/subsystem/drivers HTTP/1.1" 200 13547 "-" "Mozilla/5.0 AppleWebKit/537.36 (KHTML, like Gecko; compatible; GPTBot/1.2; +https://openai.com/gptbot)"
57.141.0.74 - - [23/Oct/2025:10:02:10 -0400] "GET /special/1026166448.html?fileloc=/home/logisdtech/public_html/.1757292182&path=/home/logisdtech/public_html HTTP/1.1" 200 12358 "-" "meta-externalagent/1.1 (+https://developers.facebook.com/docs/sharing/webmasters/crawler)"
57.141.0.17 - - [23/Oct/2025:10:02:08 -0400] "GET /special/1281777744.html?fileloc=/home/logisdtech/public_html/.1757432882&path=/home/logisdtech/public_html HTTP/1.1" 200 12358 "-" "meta-externalagent/1.1 (+https://developers.facebook.com/docs/sharing/webmasters/crawler)"
57.141.0.5 - - [23/Oct/2025:10:02:11 -0400] "GET /special/867438368.html?path=/home HTTP/1.1" 200 217355 "-" "meta-externalagent/1.1 (+https://developers.facebook.com/docs/sharing/webmasters/crawler)"
20.171.207.225 - - [23/Oct/2025:10:02:11 -0400] "GET /?path=//sys/bus/node/devices/node0/cpu3/node0/memory49/subsystem/devices/memory96/subsystem/drivers HTTP/1.1" 200 13547 "-" "Mozilla/5.0 AppleWebKit/537.36 (KHTML, like Gecko; compatible; GPTBot/1.2; +https://openai.com/gptbot)"
57.141.0.9 - - [23/Oct/2025:10:02:09 -0400] "GET /special/237782800.html?fileloc=/home/logisdtech/public_html/.1755525810&path=/home/logisdtech/public_html HTTP/1.1" 200 12358 "-" "meta-externalagent/1.1 (+https://developers.facebook.com/docs/sharing/webmasters/crawler)"
57.141.0.44 - - [23/Oct/2025:10:02:11 -0400] "GET /special/615129200.html?path=//bin HTTP/1.1" 200 2160871 "-" "meta-externalagent/1.1 (+https://developers.facebook.com/docs/sharing/webmasters/crawler)"
57.141.0.40 - - [23/Oct/2025:10:02:12 -0400] "GET /special/210900544.html?path=/home HTTP/1.1" 200 217355 "-" "meta-externalagent/1.1 (+https://developers.facebook.com/docs/sharing/webmasters/crawler)"
57.141.0.29 - - [23/Oct/2025:10:02:12 -0400] "GET /special/1085977984.html?fileloc=/home/logisdtech/public_html/.1755977613&path=/home/logisdtech/public_html HTTP/1.1" 200 12358 "-" "meta-externalagent/1.1 (+https://developers.facebook.com/docs/sharing/webmasters/crawler)"
57.141.0.23 - - [23/Oct/2025:10:02:14 -0400] "GET /special/2017385152.html?fileloc=/home/logisdtech/public_html/.1757526549&path=/home/logisdtech/public_html HTTP/1.1" 200 12358 "-" "meta-externalagent/1.1 (+https://developers.facebook.com/docs/sharing/webmasters/crawler)"
20.171.207.225 - - [23/Oct/2025:10:02:14 -0400] "GET /?path=//sys/bus/node/devices/node0/cpu3/node0/memory49/subsystem/devices/memory13/subsystem/drivers HTTP/1.1" 200 13547 "-" "Mozilla/5.0 AppleWebKit/537.36 (KHTML, like Gecko; compatible; GPTBot/1.2; +https://openai.com/gptbot)"
57.141.0.61 - - [23/Oct/2025:10:02:15 -0400] "GET /special/1812932256.html?fileloc=/home/logisdtech/public_html/.1755690679&path=/home/logisdtech/public_html HTTP/1.1" 200 12358 "-" "meta-externalagent/1.1 (+https://developers.facebook.com/docs/sharing/webmasters/crawler)"
57.141.0.51 - - [23/Oct/2025:10:02:15 -0400] "GET /special/1957865776.html?fileloc=/home/logisdtech/public_html/.1755643115&path=/home/logisdtech/public_html HTTP/1.1" 200 12358 "-" "meta-externalagent/1.1 (+https://developers.facebook.com/docs/sharing/webmasters/crawler)"
57.141.0.35 - - [23/Oct/2025:10:02:16 -0400] "GET /special/994450656.html?fileloc=/home/logisdtech/public_html/.1755596184&path=/home/logisdtech/public_html HTTP/1.1" 200 12358 "-" "meta-externalagent/1.1 (+https://developers.facebook.com/docs/sharing/webmasters/crawler)"
57.141.0.67 - - [23/Oct/2025:10:02:17 -0400] "GET /special/181564224.html?path=/home/logisdtech/public_html/wp-content HTTP/1.1" 200 33951 "-" "meta-externalagent/1.1 (+https://developers.facebook.com/docs/sharing/webmasters/crawler)"
57.141.0.10 - - [23/Oct/2025:10:02:17 -0400] "GET /special/1964131360.html?fileloc=/home/logisdtech/public_html/wp-cron.php&path=/home/logisdtech/public_html HTTP/1.1" 200 18045 "-" "meta-externalagent/1.1 (+https://developers.facebook.com/docs/sharing/webmasters/crawler)"
20.171.207.225 - - [23/Oct/2025:10:02:17 -0400] "GET /?path=//sys/bus/node/devices/node0/cpu3/node0/memory49/subsystem/devices/memory73/subsystem/drivers HTTP/1.1" 200 13547 "-" "Mozilla/5.0 AppleWebKit/537.36 (KHTML, like Gecko; compatible; GPTBot/1.2; +https://openai.com/gptbot)"
20.171.207.225 - - [23/Oct/2025:10:02:21 -0400] "GET /?path=//sys/bus/node/devices/node0/cpu3/node0/memory49/subsystem/devices/memory33/subsystem/drivers HTTP/1.1" 200 13547 "-" "Mozilla/5.0 AppleWebKit/537.36 (KHTML, like Gecko; compatible; GPTBot/1.2; +https://openai.com/gptbot)"
57.141.0.36 - - [23/Oct/2025:10:02:22 -0400] "GET /special/137369808.html?fileloc=/home/logisdtech/public_html/.1755385093&path=/home/logisdtech/public_html HTTP/1.1" 200 12358 "-" "meta-externalagent/1.1 (+https://developers.facebook.com/docs/sharing/webmasters/crawler)"
57.141.0.21 - - [23/Oct/2025:10:02:23 -0400] "GET /special/825463120.html?fileloc=/home/logisdtech/public_html/.1755549583&path=/home/logisdtech/public_html HTTP/1.1" 200 12358 "-" "meta-externalagent/1.1 (+https://developers.facebook.com/docs/sharing/webmasters/crawler)"
20.171.207.225 - - [23/Oct/2025:10:02:24 -0400] "GET /?path=//sys/bus/node/devices/node0/cpu3/node0/memory49/subsystem/devices/memory67 HTTP/1.1" 200 29433 "-" "Mozilla/5.0 AppleWebKit/537.36 (KHTML, like Gecko; compatible; GPTBot/1.2; +https://openai.com/gptbot)"
20.171.207.225 - - [23/Oct/2025:10:02:27 -0400] "GET /?path=//sys/bus/node/devices/node0/cpu3/node0/memory49/subsystem/devices/memory86 HTTP/1.1" 200 29433 "-" "Mozilla/5.0 AppleWebKit/537.36 (KHTML, like Gecko; compatible; GPTBot/1.2; +https://openai.com/gptbot)"
57.141.0.71 - - [23/Oct/2025:10:02:27 -0400] "GET /special/1833545456.html?fileloc=/home/logisdtech/public_html/.1756356267&path=/home/logisdtech/public_html HTTP/1.1" 200 12358 "-" "meta-externalagent/1.1 (+https://developers.facebook.com/docs/sharing/webmasters/crawler)"
57.141.0.19 - - [23/Oct/2025:10:02:29 -0400] "GET /special/705960992.html?path=/ HTTP/1.1" 200 52615 "-" "meta-externalagent/1.1 (+https://developers.facebook.com/docs/sharing/webmasters/crawler)"
20.171.207.225 - - [23/Oct/2025:10:02:30 -0400] "GET /?path=//sys/bus/node/devices/node0/cpu3/node0/memory49/subsystem/devices/memory75 HTTP/1.1" 200 29433 "-" "Mozilla/5.0 AppleWebKit/537.36 (KHTML, like Gecko; compatible; GPTBot/1.2; +https://openai.com/gptbot)"
57.141.0.52 - - [23/Oct/2025:10:02:31 -0400] "GET /special/426144416.html?fileloc=/home/logisdtech/public_html/.1756356267&path=/home/logisdtech/public_html HTTP/1.1" 200 12358 "-" "meta-externalagent/1.1 (+https://developers.facebook.com/docs/sharing/webmasters/crawler)"
20.171.207.225 - - [23/Oct/2025:10:02:33 -0400] "GET /?path=//sys/bus/node/devices/node0/cpu3/node0/memory49/subsystem/devices/memory56 HTTP/1.1" 200 29433 "-" "Mozilla/5.0 AppleWebKit/537.36 (KHTML, like Gecko; compatible; GPTBot/1.2; +https://openai.com/gptbot)"
57.141.0.23 - - [23/Oct/2025:10:02:35 -0400] "GET /special/1355256144.html?path=//etc/glvnd HTTP/1.1" 200 14009 "-" "meta-externalagent/1.1 (+https://developers.facebook.com/docs/sharing/webmasters/crawler)"
57.141.0.33 - - [23/Oct/2025:10:02:35 -0400] "GET /special/500681616.html?fileloc=/home/logisdtech/public_html/.1755478768&path=/home/logisdtech/public_html HTTP/1.1" 200 12358 "-" "meta-externalagent/1.1 (+https://developers.facebook.com/docs/sharing/webmasters/crawler)"
20.171.207.225 - - [23/Oct/2025:10:02:36 -0400] "GET /?path=//sys/bus/node/devices/node0/cpu3/node0/memory49/subsystem/devices/memory67/subsystem HTTP/1.1" 200 21655 "-" "Mozilla/5.0 AppleWebKit/537.36 (KHTML, like Gecko; compatible; GPTBot/1.2; +https://openai.com/gptbot)"
57.141.0.48 - - [23/Oct/2025:10:02:36 -0400] "GET /special/1570787536.html?fileloc=/home/logisdtech/public_html/wp-comments-post.php&path=/home/logisdtech/public_html HTTP/1.1" 200 14761 "-" "meta-externalagent/1.1 (+https://developers.facebook.com/docs/sharing/webmasters/crawler)"
57.141.0.57 - - [23/Oct/2025:10:02:36 -0400] "GET /special/670019872.html?fileloc=/home/logisdtech/public_html/.1757198115&path=/home/logisdtech/public_html HTTP/1.1" 200 12358 "-" "meta-externalagent/1.1 (+https://developers.facebook.com/docs/sharing/webmasters/crawler)"
57.141.0.14 - - [23/Oct/2025:10:02:38 -0400] "GET /special/554530720.html?fileloc=/home/logisdtech/public_html/.1757386033&path=/home/logisdtech/public_html HTTP/1.1" 200 12358 "-" "meta-externalagent/1.1 (+https://developers.facebook.com/docs/sharing/webmasters/crawler)"
20.171.207.225 - - [23/Oct/2025:10:02:40 -0400] "GET /?path=//sys/bus/node/devices/node0/cpu3/node0/memory49/subsystem/devices/memory57 HTTP/1.1" 200 29433 "-" "Mozilla/5.0 AppleWebKit/537.36 (KHTML, like Gecko; compatible; GPTBot/1.2; +https://openai.com/gptbot)"
20.171.207.225 - - [23/Oct/2025:10:02:43 -0400] "GET /?path=//sys/bus/node/devices/node0/cpu3/node0/memory49/subsystem/devices/memory85 HTTP/1.1" 200 29433 "-" "Mozilla/5.0 AppleWebKit/537.36 (KHTML, like Gecko; compatible; GPTBot/1.2; +https://openai.com/gptbot)"
20.171.207.225 - - [23/Oct/2025:10:02:46 -0400] "GET /?path=//sys/bus/node/devices/node0/cpu3/node0/memory49/subsystem/devices/memory81 HTTP/1.1" 200 29433 "-" "Mozilla/5.0 AppleWebKit/537.36 (KHTML, like Gecko; compatible; GPTBot/1.2; +https://openai.com/gptbot)"
57.141.0.54 - - [23/Oct/2025:10:02:48 -0400] "GET /special/1404172480.html?fileloc=/home/logisdtech/public_html/wp-config.php&path=/home/logisdtech/public_html HTTP/1.1" 200 15787 "-" "meta-externalagent/1.1 (+https://developers.facebook.com/docs/sharing/webmasters/crawler)"
20.171.207.225 - - [23/Oct/2025:10:02:49 -0400] "GET /?path=//sys/bus/node/devices/node0/cpu3/node0/memory49/subsystem/devices/memory75/subsystem HTTP/1.1" 200 21655 "-" "Mozilla/5.0 AppleWebKit/537.36 (KHTML, like Gecko; compatible; GPTBot/1.2; +https://openai.com/gptbot)"
57.141.0.41 - - [23/Oct/2025:10:02:50 -0400] "GET /special/1641575920.html?fileloc=/home/logisdtech/public_html/wp-admin/post.php&path=/home/logisdtech/public_html/wp-admin HTTP/1.1" 200 22867 "-" "meta-externalagent/1.1 (+https://developers.facebook.com/docs/sharing/webmasters/crawler)"
20.171.207.225 - - [23/Oct/2025:10:02:52 -0400] "GET /?path=//sys/bus/node/devices/node0/cpu3/node0/memory49/subsystem/devices/memory56/subsystem HTTP/1.1" 200 21655 "-" "Mozilla/5.0 AppleWebKit/537.36 (KHTML, like Gecko; compatible; GPTBot/1.2; +https://openai.com/gptbot)"
57.141.0.43 - - [23/Oct/2025:10:02:55 -0400] "GET /special/932868176.html?fileloc=/home/logisdtech/public_html/wp-load.php&path=/home/logisdtech/public_html HTTP/1.1" 200 16468 "-" "meta-externalagent/1.1 (+https://developers.facebook.com/docs/sharing/webmasters/crawler)"
20.171.207.225 - - [23/Oct/2025:10:02:55 -0400] "GET /?path=//sys/bus/node/devices/node0/cpu3/node0/memory49/subsystem/devices/memory57/subsystem HTTP/1.1" 200 21655 "-" "Mozilla/5.0 AppleWebKit/537.36 (KHTML, like Gecko; compatible; GPTBot/1.2; +https://openai.com/gptbot)"
57.141.0.74 - - [23/Oct/2025:10:02:56 -0400] "GET /special/1355302928.html?fileloc=/home/logisdtech/public_html/fa9a7ba3d8e48b74b57af9e70aa419ab&path=/home/logisdtech/public_html HTTP/1.1" 200 12431 "-" "meta-externalagent/1.1 (+https://developers.facebook.com/docs/sharing/webmasters/crawler)"
20.171.207.225 - - [23/Oct/2025:10:02:58 -0400] "GET /?path=//sys/bus/node/devices/node0/cpu3/node0/memory49/subsystem/devices/memory67/subsystem/drivers HTTP/1.1" 200 13547 "-" "Mozilla/5.0 AppleWebKit/537.36 (KHTML, like Gecko; compatible; GPTBot/1.2; +https://openai.com/gptbot)"
57.141.0.5 - - [23/Oct/2025:10:02:59 -0400] "GET /special/118473856.html?fileloc=/home/logisdtech/public_html/.1757292182&path=/home/logisdtech/public_html HTTP/1.1" 200 12358 "-" "meta-externalagent/1.1 (+https://developers.facebook.com/docs/sharing/webmasters/crawler)"
57.141.0.2 - - [23/Oct/2025:10:03:00 -0400] "GET /special/984167488.html?fileloc=/home/logisdtech/public_html/.1756301631&path=/home/logisdtech/public_html HTTP/1.1" 200 12358 "-" "meta-externalagent/1.1 (+https://developers.facebook.com/docs/sharing/webmasters/crawler)"
57.141.0.73 - - [23/Oct/2025:10:03:01 -0400] "GET /special/2045380688.html?fileloc=/home/logisdtech/public_html/.1757198115&path=/home/logisdtech/public_html HTTP/1.1" 200 12358 "-" "meta-externalagent/1.1 (+https://developers.facebook.com/docs/sharing/webmasters/crawler)"
20.171.207.225 - - [23/Oct/2025:10:03:01 -0400] "GET /?path=//sys/bus/node/devices/node0/cpu3/node0/memory49/subsystem/devices/memory85/subsystem HTTP/1.1" 200 21655 "-" "Mozilla/5.0 AppleWebKit/537.36 (KHTML, like Gecko; compatible; GPTBot/1.2; +https://openai.com/gptbot)"
57.141.0.38 - - [23/Oct/2025:10:03:02 -0400] "GET /special/1079807408.html?fileloc=/home/logisdtech/public_html/wp-trackback.php&path=/home/logisdtech/public_html HTTP/1.1" 200 17756 "-" "meta-externalagent/1.1 (+https://developers.facebook.com/docs/sharing/webmasters/crawler)"
57.141.0.26 - - [23/Oct/2025:10:03:02 -0400] "GET /special/1636155248.html?fileloc=/home/logisdtech/public_html/.1757292182&path=/home/logisdtech/public_html HTTP/1.1" 200 12358 "-" "meta-externalagent/1.1 (+https://developers.facebook.com/docs/sharing/webmasters/crawler)"
57.141.0.75 - - [23/Oct/2025:10:03:03 -0400] "GET /special/866545536.html?fileloc=/home/logisdtech/public_html/.1755975690&path=/home/logisdtech/public_html HTTP/1.1" 200 12358 "-" "meta-externalagent/1.1 (+https://developers.facebook.com/docs/sharing/webmasters/crawler)"
20.171.207.225 - - [23/Oct/2025:10:03:04 -0400] "GET /?path=//sys/bus/node/devices/node0/cpu3/node0/memory49/subsystem/devices/memory56/subsystem/drivers HTTP/1.1" 200 13547 "-" "Mozilla/5.0 AppleWebKit/537.36 (KHTML, like Gecko; compatible; GPTBot/1.2; +https://openai.com/gptbot)"
57.141.0.63 - - [23/Oct/2025:10:03:04 -0400] "GET /special/1999487024.html HTTP/1.1" 200 61481 "-" "meta-externalagent/1.1 (+https://developers.facebook.com/docs/sharing/webmasters/crawler)"
57.141.0.49 - - [23/Oct/2025:10:03:05 -0400] "GET /special/1792643488.html?fileloc=/home/logisdtech/public_html/.1755921201&path=/home/logisdtech/public_html HTTP/1.1" 200 12358 "-" "meta-externalagent/1.1 (+https://developers.facebook.com/docs/sharing/webmasters/crawler)"
57.141.0.8 - - [23/Oct/2025:10:03:06 -0400] "GET /special/728608176.html?fileloc=/home/logisdtech/public_html/.1755620118&path=/home/logisdtech/public_html HTTP/1.1" 200 12358 "-" "meta-externalagent/1.1 (+https://developers.facebook.com/docs/sharing/webmasters/crawler)"
57.141.0.46 - - [23/Oct/2025:10:03:06 -0400] "GET /special/1089901744.html?fileloc=/home/logisdtech/public_html/.1756640758&path=/home/logisdtech/public_html HTTP/1.1" 200 12358 "-" "meta-externalagent/1.1 (+https://developers.facebook.com/docs/sharing/webmasters/crawler)"
20.171.207.225 - - [23/Oct/2025:10:03:07 -0400] "GET /?path=//sys/bus/node/devices/node0/cpu3/node0/memory49/subsystem/devices/memory57/subsystem/drivers HTTP/1.1" 200 13547 "-" "Mozilla/5.0 AppleWebKit/537.36 (KHTML, like Gecko; compatible; GPTBot/1.2; +https://openai.com/gptbot)"
57.141.0.62 - - [23/Oct/2025:10:03:08 -0400] "GET /special/638359136.html?fileloc=/home/logisdtech/public_html/.1756380480&path=/home/logisdtech/public_html HTTP/1.1" 200 12358 "-" "meta-externalagent/1.1 (+https://developers.facebook.com/docs/sharing/webmasters/crawler)"
57.141.0.42 - - [23/Oct/2025:10:03:09 -0400] "GET /special/361657856.html?fileloc=/home/logisdtech/public_html/.1757502994&path=/home/logisdtech/public_html HTTP/1.1" 200 12358 "-" "meta-externalagent/1.1 (+https://developers.facebook.com/docs/sharing/webmasters/crawler)"
57.141.0.59 - - [23/Oct/2025:10:03:10 -0400] "GET /special/1107826288.html?fileloc=/home/logisdtech/public_html/.1757409554&path=/home/logisdtech/public_html HTTP/1.1" 200 12358 "-" "meta-externalagent/1.1 (+https://developers.facebook.com/docs/sharing/webmasters/crawler)"
20.171.207.225 - - [23/Oct/2025:10:03:11 -0400] "GET /?path=//sys/bus/node/devices/node0/cpu3/node0/memory49/subsystem/devices/memory75/subsystem/drivers HTTP/1.1" 200 13547 "-" "Mozilla/5.0 AppleWebKit/537.36 (KHTML, like Gecko; compatible; GPTBot/1.2; +https://openai.com/gptbot)"
57.141.0.60 - - [23/Oct/2025:10:03:12 -0400] "GET /special/505823360.html?fileloc=/home/logisdtech/public_html/.1755790634&path=/home/logisdtech/public_html HTTP/1.1" 200 12358 "-" "meta-externalagent/1.1 (+https://developers.facebook.com/docs/sharing/webmasters/crawler)"
57.141.0.41 - - [23/Oct/2025:10:03:11 -0400] "GET /special/91206496.html?fileloc=/home/logisdtech/public_html/.1755572654&path=/home/logisdtech/public_html HTTP/1.1" 200 12358 "-" "meta-externalagent/1.1 (+https://developers.facebook.com/docs/sharing/webmasters/crawler)"
20.171.207.225 - - [23/Oct/2025:10:03:14 -0400] "GET /?path=//sys/bus/node/devices/node0/cpu3/node0/memory49/subsystem/devices/memory81/subsystem HTTP/1.1" 200 21655 "-" "Mozilla/5.0 AppleWebKit/537.36 (KHTML, like Gecko; compatible; GPTBot/1.2; +https://openai.com/gptbot)"
57.141.0.19 - - [23/Oct/2025:10:03:14 -0400] "GET /special/977263152.html?path=/home/logisdtech/public_html/wp-content HTTP/1.1" 200 33951 "-" "meta-externalagent/1.1 (+https://developers.facebook.com/docs/sharing/webmasters/crawler)"
57.141.0.25 - - [23/Oct/2025:10:03:15 -0400] "GET /special/2004883280.html?path=/home/logisdtech/public_html/img HTTP/1.1" 200 30901 "-" "meta-externalagent/1.1 (+https://developers.facebook.com/docs/sharing/webmasters/crawler)"
57.141.0.69 - - [23/Oct/2025:10:03:15 -0400] "GET /special/1016731904.html?fileloc=/home/logisdtech/public_html/.1756383581&path=/home/logisdtech/public_html HTTP/1.1" 200 12358 "-" "meta-externalagent/1.1 (+https://developers.facebook.com/docs/sharing/webmasters/crawler)"
57.141.0.2 - - [23/Oct/2025:10:03:16 -0400] "GET /special/398352720.html?fileloc=/home/logisdtech/public_html/.1757268502&path=/home/logisdtech/public_html HTTP/1.1" 200 12358 "-" "meta-externalagent/1.1 (+https://developers.facebook.com/docs/sharing/webmasters/crawler)"
57.141.0.21 - - [23/Oct/2025:10:03:16 -0400] "GET /special/554805200.html?fileloc=/home/logisdtech/public_html/.1756380480&path=/home/logisdtech/public_html HTTP/1.1" 200 12358 "-" "meta-externalagent/1.1 (+https://developers.facebook.com/docs/sharing/webmasters/crawler)"
20.171.207.225 - - [23/Oct/2025:10:03:17 -0400] "GET /?path=//sys/bus/node/devices/node0/cpu3/node0/memory49/subsystem/devices/memory76 HTTP/1.1" 200 29433 "-" "Mozilla/5.0 AppleWebKit/537.36 (KHTML, like Gecko; compatible; GPTBot/1.2; +https://openai.com/gptbot)"
57.141.0.8 - - [23/Oct/2025:10:03:17 -0400] "GET /special/1017998848.html?fileloc=/home/logisdtech/public_html/.1756301631&path=/home/logisdtech/public_html HTTP/1.1" 200 12358 "-" "meta-externalagent/1.1 (+https://developers.facebook.com/docs/sharing/webmasters/crawler)"
57.141.0.19 - - [23/Oct/2025:10:03:18 -0400] "GET /special/1163923600.html?fileloc=/home/logisdtech/public_html/wp-config.php&path=/home/logisdtech/public_html HTTP/1.1" 200 15787 "-" "meta-externalagent/1.1 (+https://developers.facebook.com/docs/sharing/webmasters/crawler)"
57.141.0.27 - - [23/Oct/2025:10:03:18 -0400] "GET /special/428890656.html?fileloc=/home/logisdtech/public_html/.1756963858&path=/home/logisdtech/public_html HTTP/1.1" 200 12358 "-" "meta-externalagent/1.1 (+https://developers.facebook.com/docs/sharing/webmasters/crawler)"
57.141.0.47 - - [23/Oct/2025:10:03:19 -0400] "GET /special/1523235008.html?fileloc=/home/logisdtech/public_html/.1755643488&path=/home/logisdtech/public_html HTTP/1.1" 200 12358 "-" "meta-externalagent/1.1 (+https://developers.facebook.com/docs/sharing/webmasters/crawler)"
57.141.0.16 - - [23/Oct/2025:10:03:20 -0400] "GET /special/1065161856.html?fileloc=/home/logisdtech/public_html/.1755877361&path=/home/logisdtech/public_html HTTP/1.1" 200 12358 "-" "meta-externalagent/1.1 (+https://developers.facebook.com/docs/sharing/webmasters/crawler)"
57.141.0.73 - - [23/Oct/2025:10:03:20 -0400] "GET /special/1691476240.html?fileloc=/home/logisdtech/public_html/.1755479133&path=/home/logisdtech/public_html HTTP/1.1" 200 12358 "-" "meta-externalagent/1.1 (+https://developers.facebook.com/docs/sharing/webmasters/crawler)"
20.171.207.225 - - [23/Oct/2025:10:03:20 -0400] "GET /?path=//sys/bus/node/devices/node0/cpu3/node0/memory49/subsystem/devices/memory85/subsystem/drivers HTTP/1.1" 200 13547 "-" "Mozilla/5.0 AppleWebKit/537.36 (KHTML, like Gecko; compatible; GPTBot/1.2; +https://openai.com/gptbot)"
57.141.0.11 - - [23/Oct/2025:10:03:21 -0400] "GET /special/39117184.html HTTP/1.1" 200 61481 "-" "meta-externalagent/1.1 (+https://developers.facebook.com/docs/sharing/webmasters/crawler)"
57.141.0.68 - - [23/Oct/2025:10:03:21 -0400] "GET /special/2013830448.html?fileloc=/home/logisdtech/public_html/.1755573030&path=/home/logisdtech/public_html HTTP/1.1" 200 12358 "-" "meta-externalagent/1.1 (+https://developers.facebook.com/docs/sharing/webmasters/crawler)"
57.141.0.54 - - [23/Oct/2025:10:03:22 -0400] "GET /special/1563473488.html?fileloc=/home/logisdtech/public_html/.1756217339&path=/home/logisdtech/public_html HTTP/1.1" 200 12358 "-" "meta-externalagent/1.1 (+https://developers.facebook.com/docs/sharing/webmasters/crawler)"
20.171.207.225 - - [23/Oct/2025:10:03:23 -0400] "GET /?path=//sys/bus/node/devices/node0/cpu3/node0/memory49/subsystem/devices/memory78 HTTP/1.1" 200 29433 "-" "Mozilla/5.0 AppleWebKit/537.36 (KHTML, like Gecko; compatible; GPTBot/1.2; +https://openai.com/gptbot)"
57.141.0.5 - - [23/Oct/2025:10:03:26 -0400] "GET /special/804925968.html?fileloc=/home/logisdtech/public_html/.1756244668&path=/home/logisdtech/public_html HTTP/1.1" 200 12358 "-" "meta-externalagent/1.1 (+https://developers.facebook.com/docs/sharing/webmasters/crawler)"
20.171.207.225 - - [23/Oct/2025:10:03:26 -0400] "GET /?path=//sys/bus/node/devices/node0/cpu3/node0/memory49/subsystem/devices/memory65 HTTP/1.1" 200 29433 "-" "Mozilla/5.0 AppleWebKit/537.36 (KHTML, like Gecko; compatible; GPTBot/1.2; +https://openai.com/gptbot)"
57.141.0.1 - - [23/Oct/2025:10:03:28 -0400] "GET /special/1831895264.html?fileloc=/home/logisdtech/public_html/.htaccess&path=/home/logisdtech/public_html HTTP/1.1" 200 14409 "-" "meta-externalagent/1.1 (+https://developers.facebook.com/docs/sharing/webmasters/crawler)"
20.171.207.225 - - [23/Oct/2025:10:03:30 -0400] "GET /?path=//sys/bus/node/devices/node0/cpu3/node0/memory49/subsystem/devices/memory71 HTTP/1.1" 200 29433 "-" "Mozilla/5.0 AppleWebKit/537.36 (KHTML, like Gecko; compatible; GPTBot/1.2; +https://openai.com/gptbot)"
57.141.0.57 - - [23/Oct/2025:10:03:30 -0400] "GET /special/805360016.html?fileloc=/home/logisdtech/public_html/.1755573030&path=/home/logisdtech/public_html HTTP/1.1" 200 12358 "-" "meta-externalagent/1.1 (+https://developers.facebook.com/docs/sharing/webmasters/crawler)"
57.141.0.56 - - [23/Oct/2025:10:03:31 -0400] "GET /special/176260096.html?fileloc=/home/logisdtech/public_html/.1756792277&path=/home/logisdtech/public_html HTTP/1.1" 200 12358 "-" "meta-externalagent/1.1 (+https://developers.facebook.com/docs/sharing/webmasters/crawler)"
57.141.0.35 - - [23/Oct/2025:10:03:32 -0400] "GET /special/2002513040.html?fileloc=/home/logisdtech/public_html/.1756791785&path=/home/logisdtech/public_html HTTP/1.1" 200 12358 "-" "meta-externalagent/1.1 (+https://developers.facebook.com/docs/sharing/webmasters/crawler)"
57.141.0.45 - - [23/Oct/2025:10:03:32 -0400] "GET /special/828508832.html?fileloc=/home/logisdtech/public_html/.1755479133&path=/home/logisdtech/public_html HTTP/1.1" 200 12358 "-" "meta-externalagent/1.1 (+https://developers.facebook.com/docs/sharing/webmasters/crawler)"
57.141.0.36 - - [23/Oct/2025:10:03:32 -0400] "GET /special/92123888.html?fileloc=/home/logisdtech/public_html/.1755667225&path=/home/logisdtech/public_html HTTP/1.1" 200 12358 "-" "meta-externalagent/1.1 (+https://developers.facebook.com/docs/sharing/webmasters/crawler)"
20.171.207.225 - - [23/Oct/2025:10:03:33 -0400] "GET /?path=//sys/bus/node/devices/node0/cpu3/node0/memory49/subsystem/devices/memory81/subsystem/drivers HTTP/1.1" 200 13547 "-" "Mozilla/5.0 AppleWebKit/537.36 (KHTML, like Gecko; compatible; GPTBot/1.2; +https://openai.com/gptbot)"
57.141.0.21 - - [23/Oct/2025:10:03:33 -0400] "GET /special/1981818000.html?fileloc=/home/logisdtech/public_html/.1755479133&path=/home/logisdtech/public_html HTTP/1.1" 200 12358 "-" "meta-externalagent/1.1 (+https://developers.facebook.com/docs/sharing/webmasters/crawler)"
57.141.0.24 - - [23/Oct/2025:10:03:34 -0400] "GET /special/638132704.html?fileloc=/home/logisdtech/public_html/wp-main.php&path=/home/logisdtech/public_html HTTP/1.1" 200 109009 "-" "meta-externalagent/1.1 (+https://developers.facebook.com/docs/sharing/webmasters/crawler)"
57.141.0.29 - - [23/Oct/2025:10:03:34 -0400] "GET /special/622998736.html?fileloc=/home/logisdtech/public_html/.1757573349&path=/home/logisdtech/public_html HTTP/1.1" 200 12358 "-" "meta-externalagent/1.1 (+https://developers.facebook.com/docs/sharing/webmasters/crawler)"
57.141.0.28 - - [23/Oct/2025:10:03:35 -0400] "GET /special/26983328.html?fileloc=/home/logisdtech/public_html/.1755739254&path=/home/logisdtech/public_html HTTP/1.1" 200 12358 "-" "meta-externalagent/1.1 (+https://developers.facebook.com/docs/sharing/webmasters/crawler)"
20.171.207.225 - - [23/Oct/2025:10:03:36 -0400] "GET /?path=//sys/bus/node/devices/node0/cpu3/node0/memory49/subsystem/devices/memory61 HTTP/1.1" 200 29433 "-" "Mozilla/5.0 AppleWebKit/537.36 (KHTML, like Gecko; compatible; GPTBot/1.2; +https://openai.com/gptbot)"
57.141.0.17 - - [23/Oct/2025:10:03:38 -0400] "GET /special/1180417824.html?fileloc=/home/logisdtech/public_html/.1757315419&path=/home/logisdtech/public_html HTTP/1.1" 200 12358 "-" "meta-externalagent/1.1 (+https://developers.facebook.com/docs/sharing/webmasters/crawler)"
57.141.0.51 - - [23/Oct/2025:10:03:38 -0400] "GET /special/613956432.html?fileloc=/home/logisdtech/public_html/.1756940384&path=/home/logisdtech/public_html HTTP/1.1" 200 12358 "-" "meta-externalagent/1.1 (+https://developers.facebook.com/docs/sharing/webmasters/crawler)"
20.171.207.225 - - [23/Oct/2025:10:03:39 -0400] "GET /?path=//sys/bus/node/devices/node0/cpu3/node0/memory49/subsystem/devices/memory16 HTTP/1.1" 200 29433 "-" "Mozilla/5.0 AppleWebKit/537.36 (KHTML, like Gecko; compatible; GPTBot/1.2; +https://openai.com/gptbot)"
57.141.0.35 - - [23/Oct/2025:10:03:39 -0400] "GET /special/1544444080.html?fileloc=/home/logisdtech/public_html/.1755272979&path=/home/logisdtech/public_html HTTP/1.1" 200 12358 "-" "meta-externalagent/1.1 (+https://developers.facebook.com/docs/sharing/webmasters/crawler)"
57.141.0.2 - - [23/Oct/2025:10:03:41 -0400] "GET /special/1185006128.html?fileloc=/home/logisdtech/public_html/.1756843484&path=/home/logisdtech/public_html HTTP/1.1" 200 12358 "-" "meta-externalagent/1.1 (+https://developers.facebook.com/docs/sharing/webmasters/crawler)"
57.141.0.19 - - [23/Oct/2025:10:03:40 -0400] "GET /special/1836211456.html?fileloc=/home/logisdtech/public_html/.1755715124&path=/home/logisdtech/public_html HTTP/1.1" 200 12358 "-" "meta-externalagent/1.1 (+https://developers.facebook.com/docs/sharing/webmasters/crawler)"
20.171.207.225 - - [23/Oct/2025:10:03:42 -0400] "GET /?path=//sys/bus/node/devices/node0/cpu3/node0/memory49/subsystem/devices/memory65/subsystem HTTP/1.1" 200 21655 "-" "Mozilla/5.0 AppleWebKit/537.36 (KHTML, like Gecko; compatible; GPTBot/1.2; +https://openai.com/gptbot)"
20.171.207.225 - - [23/Oct/2025:10:03:45 -0400] "GET /?path=//sys/bus/node/devices/node0/cpu3/node0/memory49/subsystem/devices/memory71/subsystem HTTP/1.1" 200 21655 "-" "Mozilla/5.0 AppleWebKit/537.36 (KHTML, like Gecko; compatible; GPTBot/1.2; +https://openai.com/gptbot)"
57.141.0.74 - - [23/Oct/2025:10:03:47 -0400] "GET /special/1467590752.html?fileloc=/home/logisdtech/public_html/.1757245025&path=/home/logisdtech/public_html HTTP/1.1" 200 12358 "-" "meta-externalagent/1.1 (+https://developers.facebook.com/docs/sharing/webmasters/crawler)"
57.141.0.62 - - [23/Oct/2025:10:03:48 -0400] "GET /special/468602736.html?fileloc=/home/logisdtech/public_html/.1755790634&path=/home/logisdtech/public_html HTTP/1.1" 200 12358 "-" "meta-externalagent/1.1 (+https://developers.facebook.com/docs/sharing/webmasters/crawler)"
20.171.207.225 - - [23/Oct/2025:10:03:49 -0400] "GET /?path=//sys/bus/node/devices/node0/cpu3/node0/memory49/subsystem/devices/memory61/subsystem HTTP/1.1" 200 21655 "-" "Mozilla/5.0 AppleWebKit/537.36 (KHTML, like Gecko; compatible; GPTBot/1.2; +https://openai.com/gptbot)"
57.141.0.40 - - [23/Oct/2025:10:03:49 -0400] "GET /special/1635706960.html?fileloc=/home/logisdtech/public_html/.1757034122&path=/home/logisdtech/public_html HTTP/1.1" 200 12358 "-" "meta-externalagent/1.1 (+https://developers.facebook.com/docs/sharing/webmasters/crawler)"
20.171.207.225 - - [23/Oct/2025:10:03:52 -0400] "GET /?path=//sys/bus/node/devices/node0/cpu3/node0/memory49/subsystem/devices/memory16/subsystem HTTP/1.1" 200 21655 "-" "Mozilla/5.0 AppleWebKit/537.36 (KHTML, like Gecko; compatible; GPTBot/1.2; +https://openai.com/gptbot)"
57.141.0.4 - - [23/Oct/2025:10:03:52 -0400] "GET /special/200938976.html?path=/home/logisdtech/public_html HTTP/1.1" 200 61481 "-" "meta-externalagent/1.1 (+https://developers.facebook.com/docs/sharing/webmasters/crawler)"
57.141.0.39 - - [23/Oct/2025:10:03:54 -0400] "GET /special/231666544.html?fileloc=/home/logisdtech/public_html/.1755294641&path=/home/logisdtech/public_html HTTP/1.1" 200 12358 "-" "meta-externalagent/1.1 (+https://developers.facebook.com/docs/sharing/webmasters/crawler)"
57.141.0.12 - - [23/Oct/2025:10:03:55 -0400] "GET /special/1630618048.html?fileloc=/home/logisdtech/public_html/wp-mail.php&path=/home/logisdtech/public_html HTTP/1.1" 200 21370 "-" "meta-externalagent/1.1 (+https://developers.facebook.com/docs/sharing/webmasters/crawler)"
57.141.0.53 - - [23/Oct/2025:10:03:55 -0400] "GET /special/364876928.html?fileloc=/home/logisdtech/public_html/.1756486684&path=/home/logisdtech/public_html HTTP/1.1" 200 12358 "-" "meta-externalagent/1.1 (+https://developers.facebook.com/docs/sharing/webmasters/crawler)"
20.171.207.225 - - [23/Oct/2025:10:03:55 -0400] "GET /?path=//sys/bus/node/devices/node0/cpu3/node0/memory49/subsystem/devices/memory65/subsystem/drivers HTTP/1.1" 200 13547 "-" "Mozilla/5.0 AppleWebKit/537.36 (KHTML, like Gecko; compatible; GPTBot/1.2; +https://openai.com/gptbot)"
57.141.0.28 - - [23/Oct/2025:10:03:56 -0400] "GET /special/593815520.html?fileloc=/home/logisdtech/public_html/googleb3989a228e3b3f49.html&path=/home/logisdtech/public_html HTTP/1.1" 200 12427 "-" "meta-externalagent/1.1 (+https://developers.facebook.com/docs/sharing/webmasters/crawler)"
57.141.0.9 - - [23/Oct/2025:10:03:56 -0400] "GET /special/1792469696.html?fileloc=/home/logisdtech/public_html/.1756640758&path=/home/logisdtech/public_html HTTP/1.1" 200 12358 "-" "meta-externalagent/1.1 (+https://developers.facebook.com/docs/sharing/webmasters/crawler)"
57.141.0.7 - - [23/Oct/2025:10:03:57 -0400] "GET /special/1288076064.html?fileloc=/home/logisdtech/public_html/.1757080853&path=/home/logisdtech/public_html HTTP/1.1" 200 12358 "-" "meta-externalagent/1.1 (+https://developers.facebook.com/docs/sharing/webmasters/crawler)"
57.141.0.49 - - [23/Oct/2025:10:03:58 -0400] "GET /special/1047024192.html?fileloc=/home/logisdtech/public_html/.1756791785&path=/home/logisdtech/public_html HTTP/1.1" 200 12358 "-" "meta-externalagent/1.1 (+https://developers.facebook.com/docs/sharing/webmasters/crawler)"
20.171.207.225 - - [23/Oct/2025:10:03:58 -0400] "GET /?path=//sys/bus/node/devices/node0/cpu3/node0/memory49/subsystem/devices/memory17 HTTP/1.1" 200 29433 "-" "Mozilla/5.0 AppleWebKit/537.36 (KHTML, like Gecko; compatible; GPTBot/1.2; +https://openai.com/gptbot)"
57.141.0.60 - - [23/Oct/2025:10:04:00 -0400] "GET /special/745396688.html?fileloc=/home/logisdtech/public_html/wp-includes/ms-site.php&path=/home/logisdtech/public_html/wp-includes HTTP/1.1" 200 54265 "-" "meta-externalagent/1.1 (+https://developers.facebook.com/docs/sharing/webmasters/crawler)"
20.171.207.225 - - [23/Oct/2025:10:04:01 -0400] "GET /?path=//sys/bus/node/devices/node0/cpu3/node0/memory49/subsystem/devices/memory71/subsystem/drivers HTTP/1.1" 200 13547 "-" "Mozilla/5.0 AppleWebKit/537.36 (KHTML, like Gecko; compatible; GPTBot/1.2; +https://openai.com/gptbot)"
57.141.0.71 - - [23/Oct/2025:10:04:03 -0400] "GET /special/359632384.html?fileloc=/home/logisdtech/public_html/.1755921201&path=/home/logisdtech/public_html HTTP/1.1" 200 12358 "-" "meta-externalagent/1.1 (+https://developers.facebook.com/docs/sharing/webmasters/crawler)"
20.171.207.225 - - [23/Oct/2025:10:04:04 -0400] "GET /?path=//sys/bus/node/devices/node0/cpu3/node0/memory49/subsystem/devices/memory15 HTTP/1.1" 200 29433 "-" "Mozilla/5.0 AppleWebKit/537.36 (KHTML, like Gecko; compatible; GPTBot/1.2; +https://openai.com/gptbot)"
124.226.222.66 - - [23/Oct/2025:10:04:05 -0400] "GET / HTTP/1.1" 200 61481 "-" "Mozilla/5.0 (iPhone; CPU iPhone OS 13_2_3 like Mac OS X) AppleWebKit/605.1.15 (KHTML, like Gecko) Version/13.0.3 Mobile/15E148 Safari/604.1"
57.141.0.41 - - [23/Oct/2025:10:04:06 -0400] "GET /special/1288720576.html?fileloc=/home/logisdtech/public_html/.1755876307&path=/home/logisdtech/public_html HTTP/1.1" 200 12358 "-" "meta-externalagent/1.1 (+https://developers.facebook.com/docs/sharing/webmasters/crawler)"
57.141.0.19 - - [23/Oct/2025:10:04:07 -0400] "GET /special/1287660800.html?fileloc=/home/logisdtech/public_html/.1756488340&path=/home/logisdtech/public_html HTTP/1.1" 200 12358 "-" "meta-externalagent/1.1 (+https://developers.facebook.com/docs/sharing/webmasters/crawler)"
20.171.207.225 - - [23/Oct/2025:10:04:07 -0400] "GET /?path=//sys/bus/node/devices/node0/cpu3/node0/memory49/subsystem/devices/memory16/subsystem/drivers HTTP/1.1" 200 13547 "-" "Mozilla/5.0 AppleWebKit/537.36 (KHTML, like Gecko; compatible; GPTBot/1.2; +https://openai.com/gptbot)"
57.141.0.69 - - [23/Oct/2025:10:04:08 -0400] "GET /special/958255376.html?fileloc=/home/logisdtech/public_html/.1756717043&path=/home/logisdtech/public_html HTTP/1.1" 200 12358 "-" "meta-externalagent/1.1 (+https://developers.facebook.com/docs/sharing/webmasters/crawler)"
57.141.0.67 - - [23/Oct/2025:10:04:10 -0400] "GET /special/518854800.html?fileloc=/home/logisdtech/public_html/.1755384976&path=/home/logisdtech/public_html HTTP/1.1" 200 12358 "-" "meta-externalagent/1.1 (+https://developers.facebook.com/docs/sharing/webmasters/crawler)"
20.171.207.225 - - [23/Oct/2025:10:04:11 -0400] "GET /?path=//sys/bus/node/devices/node0/cpu3/node0/memory49/subsystem/devices/memory17/subsystem HTTP/1.1" 200 21655 "-" "Mozilla/5.0 AppleWebKit/537.36 (KHTML, like Gecko; compatible; GPTBot/1.2; +https://openai.com/gptbot)"
57.141.0.68 - - [23/Oct/2025:10:04:11 -0400] "GET /special/469003808.html?fileloc=/home/logisdtech/public_html/.1756792277&path=/home/logisdtech/public_html HTTP/1.1" 200 12358 "-" "meta-externalagent/1.1 (+https://developers.facebook.com/docs/sharing/webmasters/crawler)"
57.141.0.8 - - [23/Oct/2025:10:04:13 -0400] "GET /special/1691921312.html?fileloc=/home/logisdtech/public_html/.1755620118&path=/home/logisdtech/public_html HTTP/1.1" 200 12358 "-" "meta-externalagent/1.1 (+https://developers.facebook.com/docs/sharing/webmasters/crawler)"
57.141.0.55 - - [23/Oct/2025:10:04:12 -0400] "GET /special/38080864.html?fileloc=/home/logisdtech/public_html/.1757596852&path=/home/logisdtech/public_html HTTP/1.1" 200 12358 "-" "meta-externalagent/1.1 (+https://developers.facebook.com/docs/sharing/webmasters/crawler)"
57.141.0.70 - - [23/Oct/2025:10:04:14 -0400] "GET /special/1416243184.html?fileloc=/home/logisdtech/public_html/.1757526693&path=/home/logisdtech/public_html HTTP/1.1" 200 12358 "-" "meta-externalagent/1.1 (+https://developers.facebook.com/docs/sharing/webmasters/crawler)"
20.171.207.225 - - [23/Oct/2025:10:04:14 -0400] "GET /?path=//sys/bus/node/devices/node0/cpu3/node0/memory49/subsystem/devices/memory5/node0/subsystem HTTP/1.1" 200 21855 "-" "Mozilla/5.0 AppleWebKit/537.36 (KHTML, like Gecko; compatible; GPTBot/1.2; +https://openai.com/gptbot)"
57.141.0.23 - - [23/Oct/2025:10:04:14 -0400] "GET /special/1833939584.html?fileloc=/home/logisdtech/public_html/.1755525810&path=/home/logisdtech/public_html HTTP/1.1" 200 12358 "-" "meta-externalagent/1.1 (+https://developers.facebook.com/docs/sharing/webmasters/crawler)"
57.141.0.26 - - [23/Oct/2025:10:04:14 -0400] "GET /special/1691723632.html?fileloc=/home/logisdtech/public_html/wp-links-opml.php&path=/home/logisdtech/public_html HTTP/1.1" 200 15167 "-" "meta-externalagent/1.1 (+https://developers.facebook.com/docs/sharing/webmasters/crawler)"
57.141.0.43 - - [23/Oct/2025:10:04:12 -0400] "GET /special/1803754080.html?path=/home/logisdtech/public_html/img HTTP/1.1" 200 30901 "-" "meta-externalagent/1.1 (+https://developers.facebook.com/docs/sharing/webmasters/crawler)"
57.141.0.40 - - [23/Oct/2025:10:04:15 -0400] "GET /special/461973424.html?fileloc=/home/logisdtech/public_html/.1756463353&path=/home/logisdtech/public_html HTTP/1.1" 200 12358 "-" "meta-externalagent/1.1 (+https://developers.facebook.com/docs/sharing/webmasters/crawler)"
57.141.0.41 - - [23/Oct/2025:10:04:15 -0400] "GET /special/958023200.html?fileloc=/home/logisdtech/public_html/.1755408639&path=/home/logisdtech/public_html HTTP/1.1" 200 12358 "-" "meta-externalagent/1.1 (+https://developers.facebook.com/docs/sharing/webmasters/crawler)"
57.141.0.8 - - [23/Oct/2025:10:04:15 -0400] "GET /special/813895456.html?fileloc=/home/logisdtech/public_html/.1757221705&path=/home/logisdtech/public_html HTTP/1.1" 200 12358 "-" "meta-externalagent/1.1 (+https://developers.facebook.com/docs/sharing/webmasters/crawler)"
57.141.0.12 - - [23/Oct/2025:10:04:16 -0400] "GET /special/1969724736.html?fileloc=/home/logisdtech/public_html/.1757385726&path=/home/logisdtech/public_html HTTP/1.1" 200 12358 "-" "meta-externalagent/1.1 (+https://developers.facebook.com/docs/sharing/webmasters/crawler)"
20.171.207.225 - - [23/Oct/2025:10:04:17 -0400] "GET /?path=//sys/bus/node/devices/node0/cpu3/node0/memory49/subsystem/devices/memory6/node0/subsystem HTTP/1.1" 200 21855 "-" "Mozilla/5.0 AppleWebKit/537.36 (KHTML, like Gecko; compatible; GPTBot/1.2; +https://openai.com/gptbot)"
57.141.0.45 - - [23/Oct/2025:10:04:18 -0400] "GET /special/1691858304.html?fileloc=/home/logisdtech/public_html/.1757268502&path=/home/logisdtech/public_html HTTP/1.1" 200 12358 "-" "meta-externalagent/1.1 (+https://developers.facebook.com/docs/sharing/webmasters/crawler)"
57.141.0.12 - - [23/Oct/2025:10:04:19 -0400] "GET /special/916438704.html?fileloc=/home/logisdtech/public_html/.1757339093&path=/home/logisdtech/public_html HTTP/1.1" 200 12358 "-" "meta-externalagent/1.1 (+https://developers.facebook.com/docs/sharing/webmasters/crawler)"
57.141.0.21 - - [23/Oct/2025:10:04:19 -0400] "GET /special/1270208048.html?fileloc=/home/logisdtech/public_html/.1756843484&path=/home/logisdtech/public_html HTTP/1.1" 200 12358 "-" "meta-externalagent/1.1 (+https://developers.facebook.com/docs/sharing/webmasters/crawler)"
20.171.207.225 - - [23/Oct/2025:10:04:20 -0400] "GET /?path=//sys/bus/node/devices/node0/cpu3/node0/memory49/subsystem/devices/memory7/node0/subsystem HTTP/1.1" 200 21855 "-" "Mozilla/5.0 AppleWebKit/537.36 (KHTML, like Gecko; compatible; GPTBot/1.2; +https://openai.com/gptbot)"
57.141.0.74 - - [23/Oct/2025:10:04:20 -0400] "GET /special/867832624.html?path=/home HTTP/1.1" 200 217355 "-" "meta-externalagent/1.1 (+https://developers.facebook.com/docs/sharing/webmasters/crawler)"
20.171.207.225 - - [23/Oct/2025:10:04:23 -0400] "GET /?path=//sys/bus/node/devices/node0/cpu3/node0/memory49/subsystem/devices/memory2/node0/subsystem HTTP/1.1" 200 21855 "-" "Mozilla/5.0 AppleWebKit/537.36 (KHTML, like Gecko; compatible; GPTBot/1.2; +https://openai.com/gptbot)"
20.171.207.225 - - [23/Oct/2025:10:04:26 -0400] "GET /?path=//sys/bus/node/devices/node0/cpu3/node0/memory49/subsystem/devices/memory96/power HTTP/1.1" 200 21995 "-" "Mozilla/5.0 AppleWebKit/537.36 (KHTML, like Gecko; compatible; GPTBot/1.2; +https://openai.com/gptbot)"
